f c.
3
Let o(a) = -2*a + 1. Let v be o(-3). Let p = 9 - v. List the prime factors of p.
2
Let o be (0 + 1)/(2/(-6)). Let b be -1 + 4 - (-3)/o. Let d = 12 + b. List the prime factors of d.
2, 7
Let s(v) = -37*v**3 - v**2 + 2*v + 2. List the prime factors of s(-1).
2, 3
Suppose -3*u + 4*j + 574 = 0, 3*j = -4*u + 790 - 58. What are the prime factors of u?
2, 3, 31
Let h = -3 - -8. Suppose h*k - 3*s = -2, 0 = -4*k + 4*s - 2*s. What are the prime factors of k?
2
Let a(t) = -t**2 - t - 3. Let l be a(0). Let d = 7 + l. What are the prime factors of d?
2
Suppose 11 = 3*q + 2. What are the prime factors of q?
3
Suppose -4*s - 4 = k - s, -s = 0. Let f = k + 14. What are the prime factors of f?
2, 5
Let l be (-2)/6 + 7/21. Suppose l = 2*t - j - 77, 4*t = t + j + 114. What are the prime factors of t?
37
Let t(p) = 51*p**3 + p**2 - 2*p - 2. Let o be t(-1). List the prime factors of (-10)/o - 258/(-10).
2, 13
Let x = 88 - 56. What are the prime factors of x?
2
Let z(g) = -g**2 - 5*g. Let c be z(-4). Let l(p) = -c*p + 4*p - p + 6 - 6*p - p**2. List the prime factors of l(-6).
2, 3
Suppose -3*y - 228 = -u, -2*u + 3*y + 89 = -379. What are the prime factors of u?
2, 3, 5
Let g(k) = k**3 + 8*k**2 - 8*k + 5. Let i be g(-9). What are the prime factors of i/24 + 93/18?
5
Let r(s) = 9*s**2 + 1. Let p be r(-3). What are the prime factors of 4/(-6) + p/6?
13
Suppose -6*m = -8 - 46. List the prime factors of m.
3
Suppose 0 = 3*y - 3*h, 10 = -y - 3*h - h. Let s = y - -5. Suppose -1 = 2*j + 3*r, -s*r - 22 = -j - 0*j. List the prime factors of j.
7
Let t = -52 + 106. Suppose -p = 2*p - t. List the prime factors of p.
2, 3
Let s be (0 + -4)/((-6)/(-21)). Let j = -9 - s. Suppose -90 = -0*w - j*w. List the prime factors of w.
2, 3
List the prime factors of 7/(-2 + (-39)/(-18)).
2, 3, 7
Let l = 31 - 6. What are the prime factors of l?
5
Suppose 2*q + 3*v + 2*v = -15, 2*v = -10. Let o(b) = -3*b + 7. Let a be o(q). Let y = a + 17. What are the prime factors of y?
3
Suppose n = -3*n - 8. List the prime factors of n/9 - (-296)/36.
2
Let o = 0 + 2. Suppose o*y + 9 = -y. What are the prime factors of (2 + y)/((-2)/22)?
11
Let a(r) be the third derivative of -r**5/60 - r**4/12 + r**3/3 - 2*r**2. Let q be a(-2). Let l = q + 0. What are the prime factors of l?
2
Let a(h) = 4*h**2 - 10*h + 3. Let i(m) = -3*m**2 - 29*m + 10 + 14*m**2 - m. Let n(j) = 8*a(j) - 3*i(j). List the prime factors of n(7).
3, 5
Let v = 33 + -18. List the prime factors of v.
3, 5
Let n(x) = x**3 + 7*x**2 - 8*x + 9. Let u be 2*(0 + (-2)/(-1)). Suppose u*r + 24 = r. What are the prime factors of n(r)?
3
Let i(q) = q**3 - 16*q**2 + 3*q - 22. Let k be i(16). Let l = k + 3. List the prime factors of l.
29
Let c = 18 - 11. List the prime factors of c.
7
Let j(y) = y**3 - 10*y**2 + 11*y - 12. What are the prime factors of j(9)?
2, 3
Suppose 0 = -3*s - 2*s + 5, 4*s = -2*r + 138. Suppose 0*j + 4*j = -d + 25, 4*d = -5*j + r. What are the prime factors of d?
13
Let x(y) = -2*y - 8. Let f be x(-7). Let j be f/(-10) + 3/5. Suppose 3*i + 2*c = 40, 2*i + j*c = c + 36. List the prime factors of i.
2
Let y(h) = h**3 + h**2 - 5*h - 2. Let x be y(-3). Let o = -5 + x. Let g = -5 - o. List the prime factors of g.
5
Let m(u) = u - 10. Let c be m(6). Let i = c + 6. Suppose i*a + 3*a = 60. List the prime factors of a.
2, 3
Let p = 7 - 5. Let x be 3/p - (-1)/2. Suppose 4*m - 38 = -x*b, -m + 53 = 3*m + 5*b. What are the prime factors of m?
7
Suppose -5*m + 2 = -n - 2, 4 = m - n. Let w be (m - -1) + (6 - 4). Suppose 0 = -w*b - 0*b + 45. What are the prime factors of b?
3, 5
Let y = 11 + 2. Let h = y - 1. List the prime factors of h.
2, 3
Let y(b) = -b**2 - 5*b + 5. Let h be y(-5). Let x(p) = -p**3 + 6*p**2 - 6*p + 7. Let w be x(h). Let l = 8 + w. List the prime factors of l.
2, 5
Let r be 32/5 + 6/10. Let o(t) = -t**2 + 7*t + 9. What are the prime factors of o(r)?
3
Let u = 6 + -4. Suppose u*v = 6*v - 8. What are the prime factors of (1 + 1)*3/v?
3
Let p be (-52)/(-16) - (-1)/(-4). Suppose -7*b = -3*b. Suppose b*a + 3*a + n = 25, 21 = 3*a - p*n. List the prime factors of a.
2
Let k = 290 - -80. List the prime factors of k.
2, 5, 37
Suppose -586 = -5*b + 224. What are the prime factors of b?
2, 3
Let c(m) = m**3 - 5*m**2 + m + 3. Let z be c(5). Let p = z + -4. Suppose 0*a = -2*a + 5*u + 28, -28 = -4*a - p*u. List the prime factors of a.
3
Let b(t) = t**2 - 4*t - 7. Suppose 2*j - 43 = -3*j + x, -x - 3 = 0. Suppose -6*z - j = -2*z, 2*s - 16 = 2*z. List the prime factors of b(s).
5
Let g(d) = -2*d - 7. Let p be g(-5). Suppose 3*z - p*y = 135, 0 = -5*z + y + 197 + 48. List the prime factors of z.
2, 5
Let t(i) = i**2 - 2. Let m be (2/(-2) - 0)*2. Let b be (5 + -1)*(-1)/m. What are the prime factors of t(b)?
2
Let u = 788 + -510. List the prime factors of u.
2, 139
Suppose 10 = 4*c + 34. Let a = -4 - c. What are the prime factors of a?
2
Let b(z) be the third derivative of z**6/720 - z**5/120 + z**4/24 + z**2. Let x(i) be the second derivative of b(i). What are the prime factors of x(3)?
2
Let n(k) = -k**3 - 5*k**2 - 3*k - 2. Let d be n(-4). Let g = 1 - d. Suppose -j + 5 = -g. What are the prime factors of j?
2, 3
Suppose -4*c = -0*c - 4*y - 148, -5 = 5*y. What are the prime factors of c?
2, 3
Let y = -135 + 221. List the prime factors of y.
2, 43
Let d(r) = -2*r - 3. Let m(z) = z + 2. Let n(c) = 5*d(c) + 7*m(c). Let h be n(-1). List the prime factors of -1*(h - 1)*-4.
2
Let f be 2*58/(-8)*2. Let h = -16 - f. List the prime factors of h.
13
Let q(u) = -2*u**2 + 2*u + 5. Let b be q(7). Let x = b - -54. Let m = -17 - x. What are the prime factors of m?
2
Let p(h) = h**2 + h + 5. Let s be p(0). Suppose 4*u - 2*g + 0*g = 22, s*g + 15 = 5*u. What are the prime factors of u?
2
Suppose 4*j = 2*j + 6. Suppose -3*r + 7 = -4*w, 4*r - 9 = -j*w + 17. Suppose -z - 2*s = -7, s + 3 = r*z - 10. List the prime factors of z.
3
Suppose 5*t + 2*n - 800 = 5*n, 4*n + 648 = 4*t. What are the prime factors of t?
157
Let b = 72 - 26. What are the prime factors of b?
2, 23
Let i(k) = 2*k**2 - 15*k. List the prime factors of i(8).
2
Let q = -1 - 2. What are the prime factors of (3*q + 1)*-1?
2
Let p(v) = v**2 - 6*v - 31. List the prime factors of p(13).
2, 3, 5
What are the prime factors of ((-9)/3)/(-3) - -104?
3, 5, 7
Let j(z) = z - 10. Let u be j(6). Let n be (-2)/u*(2 + 106). Suppose 0 = -5*i - m + 64, 2*i + n = 6*i - 2*m. What are the prime factors of i?
13
Let l be (-513)/(-5) - (-10)/25. Suppose 2*r = l + 7. List the prime factors of r.
5, 11
Suppose 11*p - 924 = 1507. List the prime factors of p.
13, 17
Let d be (4/(-10))/((-9)/270). Let t = d + -6. What are the prime factors of t?
2, 3
Let a = 7 + -3. Suppose -a*w + 2 = -2*w. Let d = w + 2. List the prime factors of d.
3
Suppose 0 = -4*d + z + 712, -4*z + 2*z = -4*d + 708. What are the prime factors of d?
179
Let l be (-1 - 2) + 15*-1. Let r = 36 + l. List the prime factors of 9/r - 30/(-4).
2
Suppose -7*r + 67 = -52. List the prime factors of r.
17
Let p(n) = -2*n**3 - 2*n**2 + 2*n + 2. List the prime factors of p(-3).
2
Suppose 3*c = 5*q - 307, 4*q - 2*c - 252 = -6*c. Suppose 3*g + 2*o - q = 4*o, 5*o = -4*g + 121. List the prime factors of g.
2, 3
Let n(x) be the third derivative of x**5/10 + x**2. Suppose 3*t = -4 + 1. What are the prime factors of n(t)?
2, 3
Let h(x) = x**3 - 2*x**2. Let a be h(3). Suppose -3*q + 3 - a = 0. List the prime factors of 0 + 18 + (-2)/q.
19
Let j = 27 + -3. List the prime factors of j.
2, 3
Suppose 2*r - 4 = -2, -5*r + 50 = 5*l. What are the prime factors of l?
3
Let v = -81 - -113. Suppose -7 - 2 = t + 4*m, 3*t - 12 = m. Suppose t*z + 3*n - 12 = 0, -v = -2*z + 4*n - 0*n. List the prime factors of z.
2
Suppose 1441 = 5*u + 2*y, -y = -2*u - 3*u + 1432. List the prime factors of u.
7, 41
Let h = -3 + 6. Suppose 3*k - 2*y = -4, 3*k + 2*k = h*y - 5. Suppose 0*i - k*i = -22. What are the prime factors of i?
11
What are the prime factors of 4/6*-3*1002/(-12)?
167
Let f = -49 - -15. Let m = -23 - f. List the prime factors of m.
11
Suppose -2*b = 1 + 21. Let m = -9 - b. What are the prime factors of m?
2
Let p(w) = 16*w**2 + w - 1. List the prime factors of p(-2).
61
Let p(w) = w + 1. Let t be p(1). Suppose 2 = -2*n + 6. Suppose n*b = -t*b + 44. List the prime factors of b.
11
Let b